{"id":493,"date":"2024-01-14T15:35:18","date_gmt":"2024-01-14T15:35:18","guid":{"rendered":"https:\/\/seeclub-sursee.ch\/webshop\/?post_type=product&#038;p=493"},"modified":"2024-01-31T06:14:10","modified_gmt":"2024-01-31T06:14:10","slug":"mesh-t-shirt-damen","status":"publish","type":"product","link":"https:\/\/seeclub-sursee.ch\/webshop\/produkt\/mesh-t-shirt-damen\/","title":{"rendered":"Mesh T-Shirt Damen"},"content":{"rendered":"<p>PRO DRY NANOWEIGHT SS \/ Leichtes T-Shirt mit Mesh-Eins\u00e4tzen f\u00fcr K\u00fchleffekt und hervorragendes K\u00f6rpertemperaturmanagement bei intensivem Training.<\/p>\n","protected":false},"excerpt":{"rendered":"<p>Leichtes T-Shirt mit Mesh-Eins\u00e4tzen f\u00fcr K\u00fchleffekt<\/p>\n","protected":false},"featured_media":522,"template":"","meta":{"_acf_changed":false,"_themeisle_gutenberg_block_has_review":false},"product_brand":[],"product_cat":[44,35,41,38],"product_tag":[39,43],"class_list":{"0":"post-493","1":"product","2":"type-product","3":"status-publish","4":"has-post-thumbnail","6":"product_cat-base-layer","7":"product_cat-bekleidung","8":"product_cat-damen","9":"product_cat-shirts","10":"product_tag-craft","11":"product_tag-damen","13":"first","14":"instock","15":"taxable","16":"shipping-taxable","17":"purchasable","18":"product-type-variable"},"acf":[],"_links":{"self":[{"href":"https:\/\/seeclub-sursee.ch\/webshop\/wp-json\/wp\/v2\/product\/493","targetHints":{"allow":["GET"]}}],"collection":[{"href":"https:\/\/seeclub-sursee.ch\/webshop\/wp-json\/wp\/v2\/product"}],"about":[{"href":"https:\/\/seeclub-sursee.ch\/webshop\/wp-json\/wp\/v2\/types\/product"}],"wp:featuredmedia":[{"embeddable":true,"href":"https:\/\/seeclub-sursee.ch\/webshop\/wp-json\/wp\/v2\/media\/522"}],"wp:attachment":[{"href":"https:\/\/seeclub-sursee.ch\/webshop\/wp-json\/wp\/v2\/media?parent=493"}],"wp:term":[{"taxonomy":"product_brand","embeddable":true,"href":"https:\/\/seeclub-sursee.ch\/webshop\/wp-json\/wp\/v2\/product_brand?post=493"},{"taxonomy":"product_cat","embeddable":true,"href":"https:\/\/seeclub-sursee.ch\/webshop\/wp-json\/wp\/v2\/product_cat?post=493"},{"taxonomy":"product_tag","embeddable":true,"href":"https:\/\/seeclub-sursee.ch\/webshop\/wp-json\/wp\/v2\/product_tag?post=493"}],"curies":[{"name":"wp","href":"https:\/\/api.w.org\/{rel}","templated":true}]}}